{"id":983,"date":"2025-03-26T13:17:19","date_gmt":"2025-03-26T12:17:19","guid":{"rendered":"http:\/\/localhost\/wordpress\/?page_id=983"},"modified":"2025-10-06T15:07:35","modified_gmt":"2025-10-06T13:07:35","slug":"garantir-la-sante-et-leducation-des-jeunes-filles","status":"publish","type":"page","link":"https:\/\/www.ongsaintgabriel.org\/index.php\/garantir-la-sante-et-leducation-des-jeunes-filles\/","title":{"rendered":"Garantir la sant\u00e9 et l&rsquo;\u00e9ducation des jeunes filles"},"content":{"rendered":"\t\t<div data-elementor-type=\"wp-page\" data-elementor-id=\"983\" class=\"elementor elementor-983\">\n\t\t\t\t<div class=\"elementor-element elementor-element-a3f890f e-flex e-con-boxed e-con e-parent\" data-id=\"a3f890f\" data-element_type=\"container\" data-settings=\"{&quot;background_background&quot;:&quot;classic&quot;}\">\n\t\t\t\t\t<div class=\"e-con-inner\">\n\t\t\t\t<div class=\"elementor-element elementor-element-79e5498 animated-slow elementor-invisible elementor-widget elementor-widget-image\" data-id=\"79e5498\" data-element_type=\"widget\" data-settings=\"{&quot;_animation&quot;:&quot;fadeInLeft&quot;}\" data-widget_type=\"image.default\">\n\t\t\t\t<div class=\"elementor-widget-container\">\n\t\t\t\t\t\t\t\t\t\t\t\t\t\t\t<img fetchpriority=\"high\" decoding=\"async\" width=\"4080\" height=\"2296\" src=\"https:\/\/www.ongsaintgabriel.org\/wp-content\/uploads\/2025\/04\/IMG_20240523_162637.jpg\" class=\"attachment-full size-full wp-image-1202\" alt=\"\" \/>\t\t\t\t\t\t\t\t\t\t\t\t\t\t\t<\/div>\n\t\t\t\t<\/div>\n\t\t<div class=\"elementor-element elementor-element-5d7bf31 e-con-full e-flex e-con e-child\" data-id=\"5d7bf31\" data-element_type=\"container\">\n\t\t<div class=\"elementor-element elementor-element-fe972ec e-con-full animated-fast e-flex elementor-invisible e-con e-child\" data-id=\"fe972ec\" data-element_type=\"container\" data-settings=\"{&quot;animation&quot;:&quot;fadeInRight&quot;}\">\n\t\t\t\t<div class=\"elementor-element elementor-element-f9787ef elementor-widget elementor-widget-heading\" data-id=\"f9787ef\" data-element_type=\"widget\" data-widget_type=\"heading.default\">\n\t\t\t\t<div class=\"elementor-widget-container\">\n\t\t\t\t\t<h2 class=\"elementor-heading-title elementor-size-default\">GARANTIR LA SANTE ET L'\u00c9DUCATION DES JEUNES FILLES<\/h2>\t\t\t\t<\/div>\n\t\t\t\t<\/div>\n\t\t\t\t<div class=\"elementor-element elementor-element-a0e22d4 elementor-widget elementor-widget-text-editor\" data-id=\"a0e22d4\" data-element_type=\"widget\" data-widget_type=\"text-editor.default\">\n\t\t\t\t<div class=\"elementor-widget-container\">\n\t\t\t\t\t\t\t\t\t<p>Dans la commune rurale de Tamatave II, taux d\u2019analphab\u00e9tisme et l\u2019abandon scolaire ne cessent pas d\u2019augmenter que la majorit\u00e9 ce sont des jeunes filles \u00e0 l\u2019\u00e2ge d\u2019adolescent. Pendant la discussion avec une s\u00e9ance d\u2019\u00e9coute des jeunes adolescentes, on a constat\u00e9 que l\u2019absence scolaire et l\u2019abandon scolaire sont dues \u00e0 plusieurs causes\u00a0: la pauvret\u00e9 chronique ; la manque de kits sanitaire pour l&rsquo;hygi\u00e8ne menstruelle parce qu&rsquo;elle honte de ses amis surtout les gar\u00e7ons et aussi la distance entre l&rsquo;\u00e9cole et les villages jusqu&rsquo;\u00e0 4 km \u00e0 pied.<\/p>\t\t\t\t\t\t\t\t<\/div>\n\t\t\t\t<\/div>\n\t\t\t\t<\/div>\n\t\t\t\t<\/div>\n\t\t\t\t<div class=\"elementor-element elementor-element-485e998 elementor-widget elementor-widget-text-editor\" data-id=\"485e998\" data-element_type=\"widget\" data-widget_type=\"text-editor.default\">\n\t\t\t\t<div class=\"elementor-widget-container\">\n\t\t\t\t\t\t\t\t\t<p>Ce qui est triste en plus de cette distance il y a des malfaiteurs qui les profitent et les abusent. Cet acte de violation physique et mentale provoque le manque de courage aux jeunes filles de continuer leurs \u00e9tudes. La manque de l\u2019art et de loisir au niveau scolaire et dans la communaut\u00e9. Par cons\u00e9quent, elles sont devenues une grande charge de leurs parents ; elles sont devenues des m\u00e8res c\u00e9libataires, il y a l&rsquo;exode rurale et les jeunes filles travailleur comme des femmes de m\u00e9nage.<\/p><p>R\u00e9aliser l\u2019\u00e9galit\u00e9 des sexes, autonomiser toutes les femmes et les filles pour leur sant\u00e9 et bien -\u00eatre est l\u2019un de l\u2019objectif d\u00e9veloppement durable nomm\u00e9e ODD N\u00b05.<\/p><p>Le projet Sant\u00e9 et bien des filles participe \u00e0 ce d\u00e9veloppement dont les deux principaux objectifs c\u2019est de Garder les filles \u00e0 l\u2019\u00e9cole et orienter les filles non scolaris\u00e9es d\u2019avoir l\u2019autonomie socio-\u00e9conomique et culturelle. L\u2019ONG Saint Gabriel avec le gouvernement surtout dans les milieux urbains intervienne d\u00e9j\u00e0 l\u2019alphab\u00e9tisation et la r\u00e9insertion scolaire durant toute ces ann\u00e9es mais en milieu rurale les cas d\u2019abandon scolaire restent toujours un d\u00e9fi. Les donn\u00e9es statistiques des communes rurales aussi expliquent que les taux de scolarisation par rapport aux nombres des personnes \u00e0 l\u2019\u00e2ge scolaire de 6 \u00e0 17 ans est en moyenne 60% et le taux d\u2019Alphab\u00e9tisation est de 50%.<\/p><p><strong><u>Notre intervention est bas\u00e9e sur\u00a0:<\/u><\/strong><\/p><ul><li>Les formations \u00e0 la gestion d\u2019hygi\u00e8ne, \u00e0 la sant\u00e9 reproductive, professionnelle.<\/li><li>Activit\u00e9 parascolaire<\/li><li>Facilitation sur l\u2019acc\u00e8s \u00e0 la gestion d\u2019hygi\u00e8ne menstruelle par la dotation de kits d\u2019hygi\u00e8ne sanitaire.<\/li><li>Consultation m\u00e9dicale des jeunes filles<\/li><li>Suivi et accompagnement<\/li><li>Evaluation du projet et Etude d\u2019impact du projet.<\/li><\/ul><p><strong><u>Cibles\u00a0: <\/u><\/strong><\/p><ul><li>Urbain\u00a0: 180 jeunes filles<\/li><li>Rurale\u00a0: 183 jeunes filles<\/li><\/ul><p><strong><u>ZONE D\u2019INTERVENTION<\/u><\/strong><\/p><ul><li>Tamatave Urbaine\u00a0: EPP Zoto, EPP Moderne, EPP Tsiry, Ecole communautaire Betainomby<\/li><\/ul><p>Tamatave II\u00a0:<\/p><ul><li>Commune Antetezambaro\u00a0: Analamalotra<\/li><li>Commune Amboditandroho\u00a0: Ambodisiny, Ambodisain-Ivondro<\/li><\/ul>\t\t\t\t\t\t\t\t<\/div>\n\t\t\t\t<\/div>\n\t\t<div class=\"elementor-element elementor-element-39b640d e-con-full e-flex e-con e-child\" data-id=\"39b640d\" data-element_type=\"container\">\n\t\t<div class=\"elementor-element elementor-element-5cc20fc e-con-full e-flex e-con e-child\" data-id=\"5cc20fc\" data-element_type=\"container\">\n\t\t\t\t<div class=\"elementor-element elementor-element-50f2386 elementor-widget elementor-widget-image\" data-id=\"50f2386\" data-element_type=\"widget\" data-widget_type=\"image.default\">\n\t\t\t\t<div class=\"elementor-widget-container\">\n\t\t\t\t\t\t\t\t\t\t\t\t\t\t\t<img decoding=\"async\" width=\"1024\" height=\"768\" src=\"https:\/\/www.ongsaintgabriel.org\/wp-content\/uploads\/2025\/04\/IMG20230911110708.jpg\" class=\"attachment-large size-large wp-image-1205\" alt=\"\" \/>\t\t\t\t\t\t\t\t\t\t\t\t\t\t\t<\/div>\n\t\t\t\t<\/div>\n\t\t\t\t<div class=\"elementor-element elementor-element-f3c5e9f elementor-button-success elementor-align-justify elementor-widget elementor-widget-button\" data-id=\"f3c5e9f\" data-element_type=\"widget\" data-widget_type=\"button.default\">\n\t\t\t\t<div class=\"elementor-widget-container\">\n\t\t\t\t\t\t\t\t\t<div class=\"elementor-button-wrapper\">\n\t\t\t\t\t<a class=\"elementor-button elementor-button-link elementor-size-sm elementor-animation-bounce-in\" href=\"https:\/\/www.ongsaintgabriel.org\/index.php\/sante-et-bien-etre-des-jeunes-filles-rurales\/\">\n\t\t\t\t\t\t<span class=\"elementor-button-content-wrapper\">\n\t\t\t\t\t\t\t\t\t<span class=\"elementor-button-text\">Sant\u00e9 et bien-\u00eatre des jeunes filles rurales<\/span>\n\t\t\t\t\t<\/span>\n\t\t\t\t\t<\/a>\n\t\t\t\t<\/div>\n\t\t\t\t\t\t\t\t<\/div>\n\t\t\t\t<\/div>\n\t\t\t\t<\/div>\n\t\t<div class=\"elementor-element elementor-element-9ba46c7 e-con-full e-flex e-con e-child\" data-id=\"9ba46c7\" data-element_type=\"container\">\n\t\t\t\t<div class=\"elementor-element elementor-element-7321ee3 elementor-widget elementor-widget-image\" data-id=\"7321ee3\" data-element_type=\"widget\" data-widget_type=\"image.default\">\n\t\t\t\t<div class=\"elementor-widget-container\">\n\t\t\t\t\t\t\t\t\t\t\t\t\t\t\t<img decoding=\"async\" width=\"1024\" height=\"768\" src=\"https:\/\/www.ongsaintgabriel.org\/wp-content\/uploads\/2025\/02\/1-1.png\" class=\"attachment-large size-large wp-image-745\" alt=\"Garder les jeunes filles \u00e0 l\u2019\u00e9cole\" \/>\t\t\t\t\t\t\t\t\t\t\t\t\t\t\t<\/div>\n\t\t\t\t<\/div>\n\t\t\t\t<div class=\"elementor-element elementor-element-c3e3be5 elementor-button-success elementor-align-justify elementor-widget elementor-widget-button\" data-id=\"c3e3be5\" data-element_type=\"widget\" data-widget_type=\"button.default\">\n\t\t\t\t<div class=\"elementor-widget-container\">\n\t\t\t\t\t\t\t\t\t<div class=\"elementor-button-wrapper\">\n\t\t\t\t\t<a class=\"elementor-button elementor-button-link elementor-size-sm elementor-animation-bounce-in\" href=\"https:\/\/www.ongsaintgabriel.org\/index.php\/garder-les-jeunes-filles-a-lecole\/\">\n\t\t\t\t\t\t<span class=\"elementor-button-content-wrapper\">\n\t\t\t\t\t\t\t\t\t<span class=\"elementor-button-text\">Garder les jeunes filles \u00e0 l\u2019\u00e9cole <\/span>\n\t\t\t\t\t<\/span>\n\t\t\t\t\t<\/a>\n\t\t\t\t<\/div>\n\t\t\t\t\t\t\t\t<\/div>\n\t\t\t\t<\/div>\n\t\t\t\t<\/div>\n\t\t\t\t<\/div>\n\t\t\t\t\t<\/div>\n\t\t\t\t<\/div>\n\t\t\t\t<\/div>\n\t\t","protected":false},"excerpt":{"rendered":"<p>GARANTIR LA SANTE ET L&rsquo;\u00c9DUCATION DES JEUNES FILLES Dans la commune rurale de Tamatave II, taux d\u2019analphab\u00e9tisme et l\u2019abandon scolaire ne cessent pas d\u2019augmenter que la majorit\u00e9 ce sont des jeunes filles \u00e0 l\u2019\u00e2ge d\u2019adolescent. Pendant la discussion avec une s\u00e9ance d\u2019\u00e9coute des jeunes adolescentes, on a constat\u00e9 que l\u2019absence scolaire et l\u2019abandon scolaire sont [&hellip;]<\/p>\n","protected":false},"author":1,"featured_media":0,"parent":0,"menu_order":0,"comment_status":"closed","ping_status":"closed","template":"","meta":{"footnotes":""},"class_list":["post-983","page","type-page","status-publish","hentry"],"blocksy_meta":[],"_links":{"self":[{"href":"https:\/\/www.ongsaintgabriel.org\/index.php\/wp-json\/wp\/v2\/pages\/983","targetHints":{"allow":["GET"]}}],"collection":[{"href":"https:\/\/www.ongsaintgabriel.org\/index.php\/wp-json\/wp\/v2\/pages"}],"about":[{"href":"https:\/\/www.ongsaintgabriel.org\/index.php\/wp-json\/wp\/v2\/types\/page"}],"author":[{"embeddable":true,"href":"https:\/\/www.ongsaintgabriel.org\/index.php\/wp-json\/wp\/v2\/users\/1"}],"replies":[{"embeddable":true,"href":"https:\/\/www.ongsaintgabriel.org\/index.php\/wp-json\/wp\/v2\/comments?post=983"}],"version-history":[{"count":19,"href":"https:\/\/www.ongsaintgabriel.org\/index.php\/wp-json\/wp\/v2\/pages\/983\/revisions"}],"predecessor-version":[{"id":1795,"href":"https:\/\/www.ongsaintgabriel.org\/index.php\/wp-json\/wp\/v2\/pages\/983\/revisions\/1795"}],"wp:attachment":[{"href":"https:\/\/www.ongsaintgabriel.org\/index.php\/wp-json\/wp\/v2\/media?parent=983"}],"curies":[{"name":"wp","href":"https:\/\/api.w.org\/{rel}","templated":true}]}}