{"id":1482,"date":"2025-06-17T10:12:43","date_gmt":"2025-06-17T08:12:43","guid":{"rendered":"https:\/\/www.ongsaintgabriel.org\/?page_id=1482"},"modified":"2025-10-06T15:55:12","modified_gmt":"2025-10-06T13:55:12","slug":"eau-et-assainissement","status":"publish","type":"page","link":"https:\/\/www.ongsaintgabriel.org\/index.php\/eau-et-assainissement\/","title":{"rendered":"Eau et assainissement"},"content":{"rendered":"\t\t<div data-elementor-type=\"wp-page\" data-elementor-id=\"1482\" class=\"elementor elementor-1482\">\n\t\t\t\t<div class=\"elementor-element elementor-element-dab75df e-con-full e-flex e-con e-parent\" data-id=\"dab75df\" data-element_type=\"container\" data-settings=\"{&quot;background_background&quot;:&quot;classic&quot;}\">\n\t\t<div class=\"elementor-element elementor-element-c059af4 e-con-full e-flex e-con e-child\" data-id=\"c059af4\" data-element_type=\"container\">\n\t\t\t\t<div class=\"elementor-element elementor-element-b8aae54 elementor-pagination-position-inside elementor-arrows-position-inside elementor-widget elementor-widget-image-carousel\" data-id=\"b8aae54\" data-element_type=\"widget\" data-settings=\"{&quot;slides_to_show&quot;:&quot;1&quot;,&quot;navigation&quot;:&quot;both&quot;,&quot;autoplay&quot;:&quot;yes&quot;,&quot;pause_on_hover&quot;:&quot;yes&quot;,&quot;pause_on_interaction&quot;:&quot;yes&quot;,&quot;autoplay_speed&quot;:5000,&quot;infinite&quot;:&quot;yes&quot;,&quot;effect&quot;:&quot;slide&quot;,&quot;speed&quot;:500}\" data-widget_type=\"image-carousel.default\">\n\t\t\t\t<div class=\"elementor-widget-container\">\n\t\t\t\t\t\t\t<div class=\"elementor-image-carousel-wrapper swiper\" role=\"region\" aria-roledescription=\"carousel\" aria-label=\"Carrousel d\u2019images\" dir=\"ltr\">\n\t\t\t<div class=\"elementor-image-carousel swiper-wrapper swiper-image-stretch\" aria-live=\"off\">\n\t\t\t\t\t\t\t\t<div class=\"swiper-slide\" role=\"group\" aria-roledescription=\"slide\" aria-label=\"1 sur 5\"><figure class=\"swiper-slide-inner\"><img decoding=\"async\" class=\"swiper-slide-image\" src=\"https:\/\/www.ongsaintgabriel.org\/wp-content\/uploads\/2025\/06\/IMG_1557.png\" alt=\"IMG_1557\" \/><\/figure><\/div><div class=\"swiper-slide\" role=\"group\" aria-roledescription=\"slide\" aria-label=\"2 sur 5\"><figure class=\"swiper-slide-inner\"><img decoding=\"async\" class=\"swiper-slide-image\" src=\"https:\/\/www.ongsaintgabriel.org\/wp-content\/uploads\/2025\/06\/IMG_1565.png\" alt=\"IMG_1565\" \/><\/figure><\/div><div class=\"swiper-slide\" role=\"group\" aria-roledescription=\"slide\" aria-label=\"3 sur 5\"><figure class=\"swiper-slide-inner\"><img decoding=\"async\" class=\"swiper-slide-image\" src=\"https:\/\/www.ongsaintgabriel.org\/wp-content\/uploads\/2025\/06\/latrine-familiale-scaled.jpg\" alt=\"latrine familiale\" \/><\/figure><\/div><div class=\"swiper-slide\" role=\"group\" aria-roledescription=\"slide\" aria-label=\"4 sur 5\"><figure class=\"swiper-slide-inner\"><img decoding=\"async\" class=\"swiper-slide-image\" src=\"https:\/\/www.ongsaintgabriel.org\/wp-content\/uploads\/2025\/06\/lavage-des-mains.png\" alt=\"lavage des mains\" \/><\/figure><\/div><div class=\"swiper-slide\" role=\"group\" aria-roledescription=\"slide\" aria-label=\"5 sur 5\"><figure class=\"swiper-slide-inner\"><img decoding=\"async\" class=\"swiper-slide-image\" src=\"https:\/\/www.ongsaintgabriel.org\/wp-content\/uploads\/2025\/06\/P1100833-scaled.jpg\" alt=\"P1100833\" \/><\/figure><\/div>\t\t\t<\/div>\n\t\t\t\t\t\t\t\t\t\t\t\t<div class=\"elementor-swiper-button elementor-swiper-button-prev\" role=\"button\" tabindex=\"0\">\n\t\t\t\t\t\t<svg aria-hidden=\"true\" class=\"e-font-icon-svg e-fas-arrow-alt-circle-left\" viewBox=\"0 0 512 512\" xmlns=\"http:\/\/www.w3.org\/2000\/svg\"><path d=\"M256 504C119 504 8 393 8 256S119 8 256 8s248 111 248 248-111 248-248 248zm116-292H256v-70.9c0-10.7-13-16.1-20.5-8.5L121.2 247.5c-4.7 4.7-4.7 12.2 0 16.9l114.3 114.9c7.6 7.6 20.5 2.2 20.5-8.5V300h116c6.6 0 12-5.4 12-12v-64c0-6.6-5.4-12-12-12z\"><\/path><\/svg>\t\t\t\t\t<\/div>\n\t\t\t\t\t<div class=\"elementor-swiper-button elementor-swiper-button-next\" role=\"button\" tabindex=\"0\">\n\t\t\t\t\t\t<svg aria-hidden=\"true\" class=\"e-font-icon-svg e-fas-arrow-circle-right\" viewBox=\"0 0 512 512\" xmlns=\"http:\/\/www.w3.org\/2000\/svg\"><path d=\"M256 8c137 0 248 111 248 248S393 504 256 504 8 393 8 256 119 8 256 8zm-28.9 143.6l75.5 72.4H120c-13.3 0-24 10.7-24 24v16c0 13.3 10.7 24 24 24h182.6l-75.5 72.4c-9.7 9.3-9.9 24.8-.4 34.3l11 10.9c9.4 9.4 24.6 9.4 33.9 0L404.3 273c9.4-9.4 9.4-24.6 0-33.9L271.6 106.3c-9.4-9.4-24.6-9.4-33.9 0l-11 10.9c-9.5 9.6-9.3 25.1.4 34.4z\"><\/path><\/svg>\t\t\t\t\t<\/div>\n\t\t\t\t\n\t\t\t\t\t\t\t\t\t<div class=\"swiper-pagination\"><\/div>\n\t\t\t\t\t\t\t\t\t<\/div>\n\t\t\t\t\t\t<\/div>\n\t\t\t\t<\/div>\n\t\t\t\t<\/div>\n\t\t<div class=\"elementor-element elementor-element-2417d4b e-flex e-con-boxed e-con e-child\" data-id=\"2417d4b\" data-element_type=\"container\" data-settings=\"{&quot;background_background&quot;:&quot;classic&quot;}\">\n\t\t\t\t\t<div class=\"e-con-inner\">\n\t\t\t\t<div class=\"elementor-element elementor-element-73bdd7d elementor-widget elementor-widget-heading\" data-id=\"73bdd7d\" data-element_type=\"widget\" data-widget_type=\"heading.default\">\n\t\t\t\t<div class=\"elementor-widget-container\">\n\t\t\t\t\t<h2 class=\"elementor-heading-title elementor-size-default\">Eau et assainissement<\/h2>\t\t\t\t<\/div>\n\t\t\t\t<\/div>\n\t\t\t\t<div class=\"elementor-element elementor-element-d81acbe elementor-widget elementor-widget-text-editor\" data-id=\"d81acbe\" data-element_type=\"widget\" data-widget_type=\"text-editor.default\">\n\t\t\t\t<div class=\"elementor-widget-container\">\n\t\t\t\t\t\t\t\t\t<p>C\u2019est ax\u00e9 sur la facilitation \u00e0 l\u2019acc\u00e8s \u00e0 l\u2019eau potable, \u00e0 l\u2019assainissement et hygi\u00e8ne<br \/>dans toutes les familles du quartier cible. Il vise l\u2019objectif de changement de comportement sur ce<br \/>domaine \u00e0 travers des diff\u00e9rents actions. Et cela donne une impact positifs sur l\u2019am\u00e9lioration de la<br \/>sant\u00e9 de la population surtout la diminution les maladies li\u00e9es \u00e0 l\u2019eau non potable et touche<br \/>l\u2019\u00e9conomie de chaque famille.<br \/>Les principales actions sont :<br \/>&#8211; La conscientisation, les sensibilisations, l\u2019\u00e9ducation \u00e0 l\u2019hygi\u00e8ne<br \/>&#8211; L\u2019adduction d\u2019eau potable soit par forage, ou par syst\u00e8me gravitaire ou par pompage solaire <br \/>&#8211; la construction de latrine familiale ; latrine scolaire et latrine publique<br \/>&#8211; La mise en place d\u2019\u00e9cole amis de WASH et les parlements des enfants au niveau scolaire.<\/p>\t\t\t\t\t\t\t\t<\/div>\n\t\t\t\t<\/div>\n\t\t\t\t\t<\/div>\n\t\t\t\t<\/div>\n\t\t\t\t<\/div>\n\t\t\t\t<\/div>\n\t\t","protected":false},"excerpt":{"rendered":"<p>Eau et assainissement C\u2019est ax\u00e9 sur la facilitation \u00e0 l\u2019acc\u00e8s \u00e0 l\u2019eau potable, \u00e0 l\u2019assainissement et hygi\u00e8nedans toutes les familles du quartier cible. Il vise l\u2019objectif de changement de comportement sur cedomaine \u00e0 travers des diff\u00e9rents actions. Et cela donne une impact positifs sur l\u2019am\u00e9lioration de lasant\u00e9 de la population surtout la diminution les maladies [&hellip;]<\/p>\n","protected":false},"author":1,"featured_media":0,"parent":0,"menu_order":0,"comment_status":"closed","ping_status":"closed","template":"","meta":{"footnotes":""},"class_list":["post-1482","page","type-page","status-publish","hentry"],"blocksy_meta":[],"_links":{"self":[{"href":"https:\/\/www.ongsaintgabriel.org\/index.php\/wp-json\/wp\/v2\/pages\/1482","targetHints":{"allow":["GET"]}}],"collection":[{"href":"https:\/\/www.ongsaintgabriel.org\/index.php\/wp-json\/wp\/v2\/pages"}],"about":[{"href":"https:\/\/www.ongsaintgabriel.org\/index.php\/wp-json\/wp\/v2\/types\/page"}],"author":[{"embeddable":true,"href":"https:\/\/www.ongsaintgabriel.org\/index.php\/wp-json\/wp\/v2\/users\/1"}],"replies":[{"embeddable":true,"href":"https:\/\/www.ongsaintgabriel.org\/index.php\/wp-json\/wp\/v2\/comments?post=1482"}],"version-history":[{"count":10,"href":"https:\/\/www.ongsaintgabriel.org\/index.php\/wp-json\/wp\/v2\/pages\/1482\/revisions"}],"predecessor-version":[{"id":1813,"href":"https:\/\/www.ongsaintgabriel.org\/index.php\/wp-json\/wp\/v2\/pages\/1482\/revisions\/1813"}],"wp:attachment":[{"href":"https:\/\/www.ongsaintgabriel.org\/index.php\/wp-json\/wp\/v2\/media?parent=1482"}],"curies":[{"name":"wp","href":"https:\/\/api.w.org\/{rel}","templated":true}]}}