{"id":1118,"date":"2025-04-03T23:17:34","date_gmt":"2025-04-03T21:17:34","guid":{"rendered":"http:\/\/localhost\/wordpress\/?page_id=1118"},"modified":"2025-10-07T09:45:03","modified_gmt":"2025-10-07T07:45:03","slug":"self-help-group","status":"publish","type":"page","link":"https:\/\/www.ongsaintgabriel.org\/index.php\/self-help-group\/","title":{"rendered":"Self Help Group"},"content":{"rendered":"\t\t<div data-elementor-type=\"wp-page\" data-elementor-id=\"1118\" class=\"elementor elementor-1118\">\n\t\t\t\t<div class=\"elementor-element elementor-element-7dd4d62 e-con-full e-flex e-con e-parent\" data-id=\"7dd4d62\" data-element_type=\"container\" data-settings=\"{&quot;background_background&quot;:&quot;classic&quot;}\">\n\t\t\t\t<div class=\"elementor-element elementor-element-fb96fcd elementor-pagination-position-inside elementor-arrows-position-inside elementor-widget elementor-widget-image-carousel\" data-id=\"fb96fcd\" data-element_type=\"widget\" data-settings=\"{&quot;slides_to_show&quot;:&quot;1&quot;,&quot;navigation&quot;:&quot;both&quot;,&quot;autoplay&quot;:&quot;yes&quot;,&quot;pause_on_hover&quot;:&quot;yes&quot;,&quot;pause_on_interaction&quot;:&quot;yes&quot;,&quot;autoplay_speed&quot;:5000,&quot;infinite&quot;:&quot;yes&quot;,&quot;effect&quot;:&quot;slide&quot;,&quot;speed&quot;:500}\" data-widget_type=\"image-carousel.default\">\n\t\t\t\t<div class=\"elementor-widget-container\">\n\t\t\t\t\t\t\t<div class=\"elementor-image-carousel-wrapper swiper\" role=\"region\" aria-roledescription=\"carousel\" aria-label=\"Carrousel d\u2019images\" dir=\"ltr\">\n\t\t\t<div class=\"elementor-image-carousel swiper-wrapper swiper-image-stretch\" aria-live=\"off\">\n\t\t\t\t\t\t\t\t<div class=\"swiper-slide\" role=\"group\" aria-roledescription=\"slide\" aria-label=\"1 sur 9\"><figure class=\"swiper-slide-inner\"><img decoding=\"async\" class=\"swiper-slide-image\" src=\"https:\/\/www.ongsaintgabriel.org\/wp-content\/uploads\/2025\/04\/IMG_1582.png\" alt=\"IMG_1582\" \/><\/figure><\/div><div class=\"swiper-slide\" role=\"group\" aria-roledescription=\"slide\" aria-label=\"2 sur 9\"><figure class=\"swiper-slide-inner\"><img decoding=\"async\" class=\"swiper-slide-image\" src=\"https:\/\/www.ongsaintgabriel.org\/wp-content\/uploads\/2025\/04\/WhatsApp-Image-2025-03-06-a-09.22.33_9d391aa6-1.jpg\" alt=\"WhatsApp Image 2025-03-06 \u00e0 09.22.33_9d391aa6\" \/><\/figure><\/div><div class=\"swiper-slide\" role=\"group\" aria-roledescription=\"slide\" aria-label=\"3 sur 9\"><figure class=\"swiper-slide-inner\"><img decoding=\"async\" class=\"swiper-slide-image\" src=\"https:\/\/www.ongsaintgabriel.org\/wp-content\/uploads\/2025\/04\/IMG_4400.png\" alt=\"IMG_4400\" \/><\/figure><\/div><div class=\"swiper-slide\" role=\"group\" aria-roledescription=\"slide\" aria-label=\"4 sur 9\"><figure class=\"swiper-slide-inner\"><img decoding=\"async\" class=\"swiper-slide-image\" src=\"https:\/\/www.ongsaintgabriel.org\/wp-content\/uploads\/2025\/04\/IMG_4064-2.png\" alt=\"IMG_4064\" \/><\/figure><\/div><div class=\"swiper-slide\" role=\"group\" aria-roledescription=\"slide\" aria-label=\"5 sur 9\"><figure class=\"swiper-slide-inner\"><img decoding=\"async\" class=\"swiper-slide-image\" src=\"https:\/\/www.ongsaintgabriel.org\/wp-content\/uploads\/2025\/04\/306296577_2774544352676159_6762155050800199780_n.jpg\" alt=\"306296577_2774544352676159_6762155050800199780_n\" \/><\/figure><\/div><div class=\"swiper-slide\" role=\"group\" aria-roledescription=\"slide\" aria-label=\"6 sur 9\"><figure class=\"swiper-slide-inner\"><img decoding=\"async\" class=\"swiper-slide-image\" src=\"https:\/\/www.ongsaintgabriel.org\/wp-content\/uploads\/2025\/04\/22-Mahavonjy-fo-ny-varotra-antselika.jpg\" alt=\"22 Mahavonjy fo ny varotra antselika\" \/><\/figure><\/div><div class=\"swiper-slide\" role=\"group\" aria-roledescription=\"slide\" aria-label=\"7 sur 9\"><figure class=\"swiper-slide-inner\"><img decoding=\"async\" class=\"swiper-slide-image\" src=\"https:\/\/www.ongsaintgabriel.org\/wp-content\/uploads\/2025\/04\/IMG_3542.png\" alt=\"IMG_3542\" \/><\/figure><\/div><div class=\"swiper-slide\" role=\"group\" aria-roledescription=\"slide\" aria-label=\"8 sur 9\"><figure class=\"swiper-slide-inner\"><img decoding=\"async\" class=\"swiper-slide-image\" src=\"https:\/\/www.ongsaintgabriel.org\/wp-content\/uploads\/2025\/04\/IMG_3567-1.png\" alt=\"IMG_3567\" \/><\/figure><\/div><div class=\"swiper-slide\" role=\"group\" aria-roledescription=\"slide\" aria-label=\"9 sur 9\"><figure class=\"swiper-slide-inner\"><img decoding=\"async\" class=\"swiper-slide-image\" src=\"https:\/\/www.ongsaintgabriel.org\/wp-content\/uploads\/2025\/04\/IMG_3574-1.png\" alt=\"IMG_3574\" \/><\/figure><\/div>\t\t\t<\/div>\n\t\t\t\t\t\t\t\t\t\t\t\t<div class=\"elementor-swiper-button elementor-swiper-button-prev\" role=\"button\" tabindex=\"0\">\n\t\t\t\t\t\t<svg aria-hidden=\"true\" class=\"e-font-icon-svg e-fas-arrow-alt-circle-left\" viewBox=\"0 0 512 512\" xmlns=\"http:\/\/www.w3.org\/2000\/svg\"><path d=\"M256 504C119 504 8 393 8 256S119 8 256 8s248 111 248 248-111 248-248 248zm116-292H256v-70.9c0-10.7-13-16.1-20.5-8.5L121.2 247.5c-4.7 4.7-4.7 12.2 0 16.9l114.3 114.9c7.6 7.6 20.5 2.2 20.5-8.5V300h116c6.6 0 12-5.4 12-12v-64c0-6.6-5.4-12-12-12z\"><\/path><\/svg>\t\t\t\t\t<\/div>\n\t\t\t\t\t<div class=\"elementor-swiper-button elementor-swiper-button-next\" role=\"button\" tabindex=\"0\">\n\t\t\t\t\t\t<svg aria-hidden=\"true\" class=\"e-font-icon-svg e-fas-arrow-circle-right\" viewBox=\"0 0 512 512\" xmlns=\"http:\/\/www.w3.org\/2000\/svg\"><path d=\"M256 8c137 0 248 111 248 248S393 504 256 504 8 393 8 256 119 8 256 8zm-28.9 143.6l75.5 72.4H120c-13.3 0-24 10.7-24 24v16c0 13.3 10.7 24 24 24h182.6l-75.5 72.4c-9.7 9.3-9.9 24.8-.4 34.3l11 10.9c9.4 9.4 24.6 9.4 33.9 0L404.3 273c9.4-9.4 9.4-24.6 0-33.9L271.6 106.3c-9.4-9.4-24.6-9.4-33.9 0l-11 10.9c-9.5 9.6-9.3 25.1.4 34.4z\"><\/path><\/svg>\t\t\t\t\t<\/div>\n\t\t\t\t\n\t\t\t\t\t\t\t\t\t<div class=\"swiper-pagination\"><\/div>\n\t\t\t\t\t\t\t\t\t<\/div>\n\t\t\t\t\t\t<\/div>\n\t\t\t\t<\/div>\n\t\t<div class=\"elementor-element elementor-element-8212e99 e-flex e-con-boxed e-con e-child\" data-id=\"8212e99\" data-element_type=\"container\">\n\t\t\t\t\t<div class=\"e-con-inner\">\n\t\t\t\t<div class=\"elementor-element elementor-element-6be7bfe elementor-widget elementor-widget-heading\" data-id=\"6be7bfe\" data-element_type=\"widget\" data-widget_type=\"heading.default\">\n\t\t\t\t<div class=\"elementor-widget-container\">\n\t\t\t\t\t<h2 class=\"elementor-heading-title elementor-size-default\">Self Help Group<\/h2>\t\t\t\t<\/div>\n\t\t\t\t<\/div>\n\t\t\t\t<div class=\"elementor-element elementor-element-12b48f7 elementor-widget elementor-widget-text-editor\" data-id=\"12b48f7\" data-element_type=\"widget\" data-widget_type=\"text-editor.default\">\n\t\t\t\t<div class=\"elementor-widget-container\">\n\t\t\t\t\t\t\t\t\t<p><strong>\u00a0Self Help Group<\/strong> \u201cest un groupe de femmes, qui s&rsquo;organisent pour s&rsquo;entraider financi\u00e8rement et socialement. Ces groupes fonctionnent sur la base de l\u2019\u00e9pargne collective, du microcr\u00e9dit et du soutien mutuel.\u00bb<\/p><p>Le Self Help Group dans l&rsquo;ONG Saint Gabriel est un projet d\u00e9di\u00e9 \u00e0 l&rsquo;accompagnement des femmes \u00e9loign\u00e9es de l&#8217;emploi, les femmes alphab\u00e9tis\u00e9es,\u00a0 visant \u00e0 favoriser leur r\u00e9insertion professionnelle et leur autonomie socio-\u00e9conomique. Ses missions incluent la promotion de la vie associative en encourageant l&rsquo;engagement communautaire, le soutien aux activit\u00e9s \u00e9conomiques pour stimuler l&rsquo;entrepreneuriat, et la promotion de la culture entrepreneuriale en offrant des ressources et des formations. De plus, le groupe \u0153uvre pour le travail d\u00e9cent et l&rsquo;\u00e9galit\u00e9 des genres, en veillant \u00e0 ce que les femmes b\u00e9n\u00e9ficient de conditions de travail justes et d\u2019opportunit\u00e9s \u00e9gales sur le march\u00e9 du travail. L&rsquo;objectif global est de renforcer l&rsquo;ind\u00e9pendance des femmes et leurs bien \u00eatre,\u00a0 d&rsquo;am\u00e9liorer leur qualit\u00e9 de vie et de promouvoir une soci\u00e9t\u00e9 plus \u00e9quitable.<\/p><p>L\u2019approche de Self Help Groups \u00ab SHG \u00bb est un instrument efficace de lutte contre la pauvret\u00e9 de fa\u00e7on durable. Elle r\u00e9alise le renforcement des capacit\u00e9s des personnes les plus d\u00e9munies en les conduisant au d\u00e9veloppement socio-\u00e9conomique et culturel .<\/p><p>Les femmes \u00e9tant les piliers du d\u00e9veloppement des m\u00e9nages mais aussi \u00e9tant les plus pauvres alors qu&rsquo;elles sont les plus nombreuses, l\u2019approche vise particuli\u00e8rement l\u2019am\u00e9lioration des conditions de vie des m\u00e9nages en passant par l\u2019am\u00e9lioration des conditions de vie des femmes et des enfants.<\/p><p>Il permette aux femmes de devenir des actrices autonomes de leur vie, tout en jouant un r\u00f4le essentiel dans leur famille et en se lan\u00e7ant dans l\u2019entrepreneuriat.<\/p><p>Les activit\u00e9s\u00a0: \u00e9pargnes collectives, emprunts internes pour les activit\u00e9s g\u00e9n\u00e9ratrices de revenus,\u00a0 formations et accompagnements, soutien et solidarit\u00e9\u00a0;<\/p><p>Grace \u00e0 ce programme, les femmes acqui\u00e8rent les outils n\u00e9cessaires pour prendre en main leurs avenir, contribuer activement \u00e0 la vie de leurs familles, et devenir des entrepreneurs \u00e0 part enti\u00e8re, cr\u00e9ant ainsi des opportunit\u00e9s pour elles-m\u00eames et leurs communaut\u00e9s.<\/p>\t\t\t\t\t\t\t\t<\/div>\n\t\t\t\t<\/div>\n\t\t\t\t\t<\/div>\n\t\t\t\t<\/div>\n\t\t\t\t<\/div>\n\t\t\t\t<\/div>\n\t\t","protected":false},"excerpt":{"rendered":"<p>Self Help Group \u00a0Self Help Group \u201cest un groupe de femmes, qui s&rsquo;organisent pour s&rsquo;entraider financi\u00e8rement et socialement. Ces groupes fonctionnent sur la base de l\u2019\u00e9pargne collective, du microcr\u00e9dit et du soutien mutuel.\u00bb Le Self Help Group dans l&rsquo;ONG Saint Gabriel est un projet d\u00e9di\u00e9 \u00e0 l&rsquo;accompagnement des femmes \u00e9loign\u00e9es de l&#8217;emploi, les femmes alphab\u00e9tis\u00e9es,\u00a0 [&hellip;]<\/p>\n","protected":false},"author":1,"featured_media":0,"parent":0,"menu_order":0,"comment_status":"closed","ping_status":"closed","template":"","meta":{"footnotes":""},"class_list":["post-1118","page","type-page","status-publish","hentry"],"blocksy_meta":[],"_links":{"self":[{"href":"https:\/\/www.ongsaintgabriel.org\/index.php\/wp-json\/wp\/v2\/pages\/1118","targetHints":{"allow":["GET"]}}],"collection":[{"href":"https:\/\/www.ongsaintgabriel.org\/index.php\/wp-json\/wp\/v2\/pages"}],"about":[{"href":"https:\/\/www.ongsaintgabriel.org\/index.php\/wp-json\/wp\/v2\/types\/page"}],"author":[{"embeddable":true,"href":"https:\/\/www.ongsaintgabriel.org\/index.php\/wp-json\/wp\/v2\/users\/1"}],"replies":[{"embeddable":true,"href":"https:\/\/www.ongsaintgabriel.org\/index.php\/wp-json\/wp\/v2\/comments?post=1118"}],"version-history":[{"count":34,"href":"https:\/\/www.ongsaintgabriel.org\/index.php\/wp-json\/wp\/v2\/pages\/1118\/revisions"}],"predecessor-version":[{"id":1816,"href":"https:\/\/www.ongsaintgabriel.org\/index.php\/wp-json\/wp\/v2\/pages\/1118\/revisions\/1816"}],"wp:attachment":[{"href":"https:\/\/www.ongsaintgabriel.org\/index.php\/wp-json\/wp\/v2\/media?parent=1118"}],"curies":[{"name":"wp","href":"https:\/\/api.w.org\/{rel}","templated":true}]}}